16
Evaluate 9 - (10 + (56 - 24 - 27)).
-6
Calculate 3 - ((664 - 656) + 1 + -116).
110
What is the value of -387 + 407 + (-5 - -1 - 2)?
14
31 - (-893 + 968 + -1 + -25)
-18
What is the value of -3 + (80 - (0 + 2)) + (8 + -17 - -3)?
69
What is 101 + -68 + -18 + -4 - (6 + -3 - -130)?
-122
What is 2511 + -2468 - (-2 + -8 - -2 - (-2 + 1))?
50
67 - (21 + (91 - 130))
85
Evaluate 60 - (108 - 46) - -7.
5
-22 - (-90 + 38 + -18)
48
-67 + -4 + (232 - 62)
99
Calculate (-80 - (-37 + -9)) + (-5 + -2 - (6 + -2)).
-45
23 + -3 - (688 - 581)
-87
Evaluate 6 - 4 - (-118 - -135).
-15
Evaluate -3 - (-2 + 1 - (0 + 85) - (3954 - 3960)).
77
Evaluate -12 - (38 - (-6 + 28)).
-28
Calculate (0 - 7 - (14 + 69) - -5) + -4 + 3.
-86
Calculate (4 - 10 - (-12 + 32)) + (-102 - -103).
-25
-12 + -83 + 46 + 49
0
What is (-1 - ((4 - 33) + 9)) + -59?
-40
-53 - (75 + -120) - (-4 + 3 + 1)
-8
Calculate 44 - (-11 + 34 + 3 + -9 + -11).
38
Calculate -32 - -5 - (79 + -91 + -19).
4
Evaluate -2 + (-28 - -36 - -3).
9
What is the value of -7 - (4 - (6 - 0) - 2) - (36 + -13)?
-26
What is -7 - (-8 - (-21 - -8)) - (-28 - -19) - 37?
-40
-90 + 145 - 58 - (-1 + 3 - (-4 + -43))
-52
-176 + 272 + -80 + -1
15
Calculate -16 - ((7 - (9 - 19) - 21) + -2).
-10
Evaluate 124 + (167 - 294) - (67 + -2).
-68
Evaluate 7 + (-5 - (-8 + -4)) + -13 - -25.
26
-29 + 108 - 65 - (-2 - -46)
-30
Evaluate 18 - (-49 - -41) - (8 + -16).
34
What is the value of (37 - 16) + -20 - (0 - -23)?
-22
What is the value of 0 - 83 - ((-212 - -31) + 161)?
-63
What is the value of -9 + 8 + -6 - (8 - (-1 - -61))?
45
Calculate -24 + (24 - (-17 + 5)) + -37.
-25
-756 - -904 - (224 + -11)
-65
11 + 2 + (-2 - (6 + 14)) + -77
-86
Evaluate 20 - (69 + (112 - 93)).
-68
Calculate (-377 - -382) + (2 - 16) + 9.
0
Evaluate 0 + (0 - (-13 + 19)) - 8.
-14
What is -3 + (-4 - -1) + 0 - (2127 + -2122)?
-11
What is (-42 - (35 - 40)) + 80?
43
Calculate (-2 + -2 - -2 - -2 - (-609 + 608)) + -84.
-83
Evaluate 174 - 273 - (-168 + -33).
102
What is -22 - (-162 + 32 - -98)?
10
Evaluate (-11 - -15) + 34 - 21 - 31.
-14
Calculate 21 + (-14 - 18) + (6 - (-3 - -8)).
-10
Calculate 15 + (25 - (12 + 21)) + -61.
-54
220 + -260 - (0 + -17)
-23
Evaluate -31 - (1 - (22 - (41 - 20) - (-2 - 1))).
-28
Calculate 12 + -5 + (-104 - -67).
-30
What is the value of (0 + -1 + -1 - 7 - (16 - 33)) + -11?
-3
Evaluate (-10 - 46 - -13 - -22 - -25) + -1 + 91.
94
What is -3 + -98 - (-581 - -513)?
-33
What is 92 - -1 - (-5568 + 5627 - (62 + -1))?
95
What is the value of 135 + -24 + -50 + -7?
54
15 + -5 - (94 - (-26 - -12 - -25) - 4)
-69
Calculate -17 + (13 - -7) + -15.
-12
What is 206 + (-112 - 132) + -4 + (0 - -2 - 1)?
-41
7 + 1 + (338 + -347 - (-7 + 3 + -1))
4
Calculate 8 + (4 - 11) + 11 + 2 + -9.
5
Evaluate (1151 - 1135) + (-10 - (1 + -2)) - 101.
-94
Evaluate 0 - 1 - -5 - (373 - 378) - (-2 + 26).
-15
Evaluate 53 - (50 + (-6 - 14) - 30).
53
Evaluate -46 + 27 - -2 - -3.
-14
What is the value of (-6 - (-1 - 1) - 6) + 2091 + -2212?
-131
Calculate 4 - ((-8 - (0 + -7)) + -4 + -18 + 11).
16
Calculate 59 - (55 + 52 + -22).
-26
What is 81 - 87 - (-7 + (9 - 11) - 9)?
12
Evaluate -114 + 72 - (21 - 49).
-14
-8 - (-27 - -47 - (7 + (-3 - -6)))
-18
What is the value of (86 - (17 - -20)) + -92?
-43
Evaluate (-1 - 2 - (-19 - -52)) + 34 + -26 + 0.
-28
Calculate (1 - 63) + ((-22 - 87) + 87 - (-29 - 0)).
-55
Evaluate 2 + (0 + -7 - -3) + -48 + -16.
-66
2 + (1 - (-2 - 4)) - (14 - 54 - -10)
39
Evaluate (1 - -2) + (369 - 378) + (-3 - (-2 + 1)).
-8
12 + 1 + -35 + 12 + (-4 - 6)
-20
-1 + 56 + (-7825 - -7794)
24
What is 1030 + -1039 + 104 + -10?
85
What is the value of (3 - 2) + -3 + (4 - 4 - (174 + -132))?
-44
What is 33 + (-36 - 27) - -51 - (120 + 1)?
-100
Calculate (-33 - (-41 - -16)) + -3 + 3 - -107.
99
Calculate -123 + (-78 - -115) - -3.
-83
What is the value of 0 + -5 - 0 - ((-25 - -104) + (-404 - -243))?
77
What is -3 - 49 - (-89 + 75) - 14?
-52
What is the value of 7 + (-23 + 3 - (-621 - -539))?
69
-12 + (29 - (11 - -17)) - (-3 + 1 + -21)
12
What is (-68 - -52) + -30 + 46 - ((2 - 0) + 30)?
-32
What is the value of (-10 + 2 - 5) + (12 - 25) + 33?
7
What is the value of -81 + 88 - ((0 - -7 - -14) + 3)?
-17
What is (0 - -99) + (522 - 504 - (0 + 6))?
111
What is 46 + 3 + -1 - (3719 - 3700)?
29
What is (-127 - -104) + (-1 - -13) + -1 - (-101 - -2)?
87
What is the value of 9 + -2 + 18 + (-14 - -5) + (-124 - 21)?
-129
(-36 - (67 + 127)) + 129
-101
Evaluate -2 + 0 + (17 - 8) + (45 - (4 + 52)).
-4
What is (-58 - -56 - (6 - 1)) + 4 - (-3 - -61)?
-61
-1 - -10 - (-28 - -6 - (32 + -5 - 39))
19
What is -27 + 2 - (-2 - (-5 + 0)) - (1149 + -1144)?
-33
-14 + (-2 + 9 - -1 - (-131 - -144))
-19
-730 - -742 - ((-7 - -12) + 69)
-62
Calculate (1511 + -1526 - (0 - 49)) + -103.
-69
What is (103 - (-4 - -151)) + (8 - (0 - -1))?
-37
-10 + (22 - 11) - ((-3 - 0) + 0)
4
Evaluate -1620 - -1649 - (-23 - (3 + -1)).
54
(0 - 7) + (80 + (-196 - -83) - (7 + 1))
-48
What is -10 - (-18 + (-14 - -3) + 14)?
5
Evaluate -18 + -26 - (10 + 0 + -4).
-50
Calculate -38 + 1 + -50 + 143.
56
Calculate 38 - 3 - -21 - (94 + -123).
85
-348 + 323 - (-3 - (0 + 8 + -124))
-138
What is the value of (-20 - -1) + (-418 - -451 - (17 + -3))?
0
What is -64 + 72 + (27 - -2) - 9?
28
Calculate (-15 - 9) + 0 - (18 - (0 - -1)).
-41
What is the value of (67 - -3) + -133 + 7?
-56
What is -1 - -72 - (-25 + (37 - (-4 - -14)))?
69
Calculate (6 - 5) + 26 + -17 + -22.
-12
Evaluate (-66 - -12) + -11 - -97.
32
Evaluate (-19 + 19 - (-2 - 14 - -9)) + 15.
22
What is the value of (32 - (151 - (-37 - -63))) + 5 + 0?
-88
(22 - 24) + -11 + -4 + 10 + 58
51
What is -17 - ((-17 - (13 + -16)) + 7 - 89)?
79
What is (-1 - -11) + (-4596 - -4583)?
-3
(-2 - -3) + 0 - 13 - (-40 + -114 - -94)
48
Calculate 56 - (41 + 56 + -33).
-8
What is the value of 31 + (-28 - -25) + -26?
2
Evaluate 10 + -2 + 4 - 11.
1
What is (-1 - 10 - 0) + (-10 - -19) + (-27 - -7)?
-22
Evaluate (-2 - (-1 - 79)) + (-13 - 32 - -44 - -2).
79
45 - (6 + 75 + 12)
-48
(-3 - (23 + -14)) + (-16 - -9) + -40 - 6
-65
What is (-2 - (-7 + -5 + 4)) + -6 + -45?
-45
What is the value of -13 + (5 - 5 - (-5 - -2) - (-455 + 400))?
45
Calculate -12 + 1 + (-873 - -890).
6
What is -71 + -6 + 41 + (-4 - -4)?
-36
11 - (-109 - (-209 - -2))
-87
Calculate 4 + -91 + 27 - -111.
51
What is the value of -5 - (34 + 12 + (6 - 35) + (5 - 0))?
-27
Calculate 40 - (74 + -61) - (81 + -1).
-53
What is 21 - (-2 + -26 - (64 + -119))?
-6
(-2 - 1) + 1 - (-1820 + 1715) - 20
83
Evaluate (36 - 24 - -38) + -25.
25
Calculate 7 + 6 + 10 + 99 + -98.
24
What is -8 + -20 + -3 - (134 + -236)?
71
What is 68 + (-1 - (1 + -18) - (15 - 27 - -23))?
73
Calculate 50 - (-40 - (-23 + -78)).
-11
Calculate (-1 + 6 - (52 - 51)) + (-76 - -68).
-4
(-8 + 3 - -1) + (1 - 12 - (21 + -29))
-7
Evaluate -50 - (74 + -144 + (5 - -28)).
-13
What is (-75 - 0) + (51 - 40)?
-64
What is -14610 + 14615 + 0 + (1 + 0 - 1)?
5
Evaluate -227 - -202 - (17 + 2).
-44
What is the value of -5 + (18 - (12 - 1)) + 2 + 0 + 39?
43
(-25 - (29 - (18 - -111))) + -36
39
Evaluate -2 + 5 + (16 - 0) + (-5 - (38 + -36)).
12
What is the value of 33 + 27 + -15 - 12?
33
Evaluate 1 + (83 - (-3 + -1 + 9 - (290 - 289))).
80
What is the value of 6 - (-43 + 54 + -10 + -4 + 2 + 53)?
-46
What is the value of -19 - (-8 - 35 - -18) - 74?
-68
21 + 33 - 60 - 18
-24
What is -28 - (-22 + 152 - 26 - 29)?
-103
-1 + (2 - 3) + -84 + -26 + 16 + 12
-84
-43 - -26 - (-4 + 7) - (58 - 1)
-77
What is -417 + 420 - (7 + (-138 - -1))?
133
-20 + -20 + 33 + (10 - -23) + -6 + 0
20
Evaluate (29 + 20 - 7) + 23.
65
Evaluate 37 + -71 + -26 + -4 + 0 + 25.
-39
5 - (-11 + 13 - (-12 + 33) - -18)
6
What is 1 + -1 + (3 - (20 + -46 + 5))?
24
Evaluate (-4 - -58) + (-10 + 11 - 5) + -7.
43
What is 1 + -37 + ((15 - 4) + 3 - 9)?
-31
What is 47 + (5 - (19 + 13) - -11)?
31
-3 + (-54 - (13 + -79))
9
What is (-2 - -13) + (-37 - (0 + -14 - 9))?
-3
Calculate (4 - -18) + 55 + -4 + 15.
88
What is -28 + (-37 - (-21 - -22)) + -1?
-67
What is 3 + -3 - (-166 - -171 - (0 + 62)) - -5?
62
2 - ((-53 - -151) + -38 - (-1 - (2 - 11)))
-50
Evaluate (19 - 7) + -1 + 7 + 11 + -3.
26
What is the value of (3 - -1) + (-41 - -47) + (102 - 121)?
-9
-17 + (55 - (38 - 30))
30
What is 1 - (41 - (-4 + 43 - 77))?
-78
Evaluate 26 + 3 + -8 + -10 - 62.
-51
Evaluate -97 + 80 - 74 - -153.
62
What is -2 - 98 - (-40 + 93 -